{"id":6,"date":"2021-08-25T15:13:03","date_gmt":"2021-08-25T15:13:03","guid":{"rendered":"http:\/\/academia.primaevocorp.com\/index.php\/mis-cursos\/"},"modified":"2021-08-25T15:13:03","modified_gmt":"2021-08-25T15:13:03","slug":"mis-cursos","status":"publish","type":"page","link":"https:\/\/academia.primaevocorp.com\/index.php\/mis-cursos\/","title":{"rendered":"Mis cursos"},"content":{"rendered":"<div class=\"wp-block-sensei-lms-learner-courses  has-sensei-progress-bar-height  has-sensei-progress-bar-border-radius  wp-block-sensei-lms-learner-courses--is-list-view \" style=\"--sensei-progress-bar-height: 14px;\n--sensei-progress-bar-border-radius: 10px;\n\">\t\t<div id=\"my-courses\">\n\t\t\t\t\t\t<div class=\"col2-set\" id=\"customer_login\">\n\n\t\t\t\t<div class=\"col-1\">\n\t\t\t\t\t\n<h2>Acceder<\/h2>\n\n<form method=\"post\" name=\"sensi-login-form\" id=\"loginform\" class=\"login sensei\">\n\n\t\n\t<p class=\"sensei-login-username form-row form-row-wide\">\n\n\t\t\t\t<label for=\"sensei_user_login\">Usuario o correo electr\u00f3nico <\/label>\n\n\t\t\t\t<input type=\"text\" name=\"log\" id=\"sensei_user_login\" class=\"input input-text\" value=\"\" size=\"20\">\n\n\t<\/p>\n\n\t<p class=\"sensei-login-password form-row form-row-wide\">\n\n\t\t\t\t<label for=\"sensei_user_pass\"> Contrase\u00f1a  <\/label>\n\n\t\t\t\t<input type=\"password\" name=\"pwd\" id=\"sensei_user_pass\" class=\"input txt text input-text\" value=\"\" size=\"20\">\n\n\t<\/p>\n\n\t\n\t<p class='sensei-login-submit'>\n\n\t\t<input type=\"submit\" class=\"button wp-element-button\" name=\"login\" value=\"Acceder\" \/>\n\n\t\t<a href=\"https:\/\/academia.primaevocorp.com\/index.php\/mi-cuenta-2\/lost-password\/\">\u00bfHas perdido tu contrase\u00f1a?<\/a>\n\n\t<\/p>\n\n\t<p class='remember_me' >\n\n\t\t<label for=\"rememberme\" class=\"inline\">\n\n\t\t\t<input name=\"rememberme\" type=\"checkbox\" id=\"rememberme\" value=\"forever\" \/> Recu\u00e9rdame\n\t\t<\/label>\n\n\t<\/p>\n\n\t\n\t<input type=\"hidden\" id=\"_wpnonce\" name=\"_wpnonce\" value=\"cbfa7a5cf9\" \/><input type=\"hidden\" name=\"_wp_http_referer\" value=\"\/index.php\/wp-json\/wp\/v2\/pages\/6\" \/>\n\t<input type=\"hidden\" name=\"redirect\" value=\"https:\/\/academia.primaevocorp.com\/wp-json\/wp\/v2\/pages\/6\" \/>\n\n\t<input type=\"hidden\" name=\"form\" value=\"sensei-login\" \/>\n\n\t<div class=\"clear\"><\/div>\n\n<\/form>\n\n\t\t\t\t<\/div>\n\n\t\t\t\n\t\t\t\t<div class=\"col-2\">\n\t\t\t\t\t<h2>Inscribirse<\/h2>\n\n\t\t\t\t\t<form method=\"post\" class=\"register\">\n\n\t\t\t\t\t\t\n\t\t\t\t\t\t<p class=\"form-row form-row-wide\">\n\t\t\t\t\t\t\t<label for=\"sensei_reg_username\">Nombre de usuario <span class=\"required\">*<\/span><\/label>\n\t\t\t\t\t\t\t<input type=\"text\" class=\"input-text\" name=\"sensei_reg_username\" id=\"sensei_reg_username\" value=\"\" \/>\n\t\t\t\t\t\t<\/p>\n\n\t\t\t\t\t\t<p class=\"form-row form-row-wide\">\n\t\t\t\t\t\t\t<label for=\"sensei_reg_email\">Direcci\u00f3n de correo electr\u00f3nico <span class=\"required\">*<\/span><\/label>\n\t\t\t\t\t\t\t<input type=\"email\" class=\"input-text\" name=\"sensei_reg_email\" id=\"sensei_reg_email\" value=\"\" \/>\n\t\t\t\t\t\t<\/p>\n\n\t\t\t\t\t\t<p class=\"form-row form-row-wide\">\n\t\t\t\t\t\t\t<label for=\"sensei_reg_password\">Contrase\u00f1a <span class=\"required\">*<\/span><\/label>\n\t\t\t\t\t\t\t<input type=\"password\" class=\"input-text\" name=\"sensei_reg_password\" id=\"sensei_reg_password\" value=\"\" \/>\n\t\t\t\t\t\t<\/p>\n\n\t\t\t\t\t\t<!-- Spam Trap -->\n\t\t\t\t\t\t<div style=\"left:-999em; position:absolute;\"><label for=\"trap\">Anti-spam<\/label><input type=\"text\" name=\"email_2\" id=\"trap\" tabindex=\"-1\" \/><\/div>\n\n\t\t\t\t\t\t\t\t\t\t\t\t\n\t\t\t\t\t\t<input type=\"hidden\" id=\"_wpnonce\" name=\"_wpnonce\" value=\"c96639f790\" \/><input type=\"hidden\" name=\"_wp_http_referer\" value=\"\/index.php\/wp-json\/wp\/v2\/pages\/6\" \/>\n\t\t\t\t\t\t<p class=\"form-row\">\n\t\t\t\t\t\t\t<input type=\"submit\" class=\"button wp-element-button\" name=\"register\" value=\"Inscribirse\" \/>\n\t\t\t\t\t\t<\/p>\n\n\t\t\t\t\t\t\n\t\t\t\t\t<\/form>\n\t\t\t\t<\/div>\n\t\t\t\t\t\t\t<\/div>\n\t\t<\/div>\n\n\t\t<\/div>","protected":false},"excerpt":{"rendered":"","protected":false},"author":1,"featured_media":0,"parent":0,"menu_order":0,"comment_status":"closed","ping_status":"closed","template":"","meta":{"footnotes":""},"class_list":["post-6","page","type-page","status-publish","hentry"],"blocksy_meta":{"styles_descriptor":{"styles":{"desktop":"","tablet":"","mobile":""},"google_fonts":[],"version":6}},"featured_image_urls":{"full":"","thumbnail":"","medium":"","medium_large":"","large":"","course_archive_thumbnail":"","course_single_thumbnail":"","lesson_archive_thumbnail":"","lesson_single_thumbnail":"","1536x1536":"","2048x2048":"","woocommerce_archive_thumbnail":"","woocommerce_thumbnail":"","woocommerce_single":"","woocommerce_gallery_thumbnail":""},"post_excerpt_stackable":"<p>Acceder Usuario o correo electr\u00f3nico Contrase\u00f1a \u00bfHas perdido tu contrase\u00f1a? Recu\u00e9rdame Inscribirse Nombre de usuario * Direcci\u00f3n de correo electr\u00f3nico * Contrase\u00f1a * Anti-spam<\/p>\n","category_list":"","author_info":{"name":"primaevoadmin","url":"https:\/\/academia.primaevocorp.com\/index.php\/author\/primaevoadmin\/"},"comments_num":"0 comentarios","featured_image_urls_v2":{"full":"","thumbnail":"","medium":"","medium_large":"","large":"","course_archive_thumbnail":"","course_single_thumbnail":"","lesson_archive_thumbnail":"","lesson_single_thumbnail":"","1536x1536":"","2048x2048":"","woocommerce_archive_thumbnail":"","woocommerce_thumbnail":"","woocommerce_single":"","woocommerce_gallery_thumbnail":""},"post_excerpt_stackable_v2":"<p>Acceder Usuario o correo electr\u00f3nico Contrase\u00f1a \u00bfHas perdido tu contrase\u00f1a? Recu\u00e9rdame Inscribirse Nombre de usuario * Direcci\u00f3n de correo electr\u00f3nico * Contrase\u00f1a * Anti-spam<\/p>\n","category_list_v2":"","author_info_v2":{"name":"primaevoadmin","url":"https:\/\/academia.primaevocorp.com\/index.php\/author\/primaevoadmin\/"},"comments_num_v2":"0 comentarios","_links":{"self":[{"href":"https:\/\/academia.primaevocorp.com\/index.php\/wp-json\/wp\/v2\/pages\/6","targetHints":{"allow":["GET"]}}],"collection":[{"href":"https:\/\/academia.primaevocorp.com\/index.php\/wp-json\/wp\/v2\/pages"}],"about":[{"href":"https:\/\/academia.primaevocorp.com\/index.php\/wp-json\/wp\/v2\/types\/page"}],"author":[{"embeddable":true,"href":"https:\/\/academia.primaevocorp.com\/index.php\/wp-json\/wp\/v2\/users\/1"}],"replies":[{"embeddable":true,"href":"https:\/\/academia.primaevocorp.com\/index.php\/wp-json\/wp\/v2\/comments?post=6"}],"version-history":[{"count":0,"href":"https:\/\/academia.primaevocorp.com\/index.php\/wp-json\/wp\/v2\/pages\/6\/revisions"}],"wp:attachment":[{"href":"https:\/\/academia.primaevocorp.com\/index.php\/wp-json\/wp\/v2\/media?parent=6"}],"curies":[{"name":"wp","href":"https:\/\/api.w.org\/{rel}","templated":true}]}}